{"id":1780,"date":"2020-06-26T12:48:12","date_gmt":"2020-06-26T12:48:12","guid":{"rendered":"https:\/\/sst-conference.org\/?page_id=1780"},"modified":"2020-10-12T12:09:17","modified_gmt":"2020-10-12T12:09:17","slug":"smart-technologies-for-sustainable-agriculture","status":"publish","type":"page","link":"https:\/\/sst-conference.org\/index.php\/smart-technologies-for-sustainable-agriculture\/","title":{"rendered":"Smart technologies for sustainable agriculture"},"content":{"rendered":"<p><div class=\"fusion-fullwidth fullwidth-box fusion-builder-row-1 hundred-percent-fullwidth non-hundred-percent-height-scrolling\" style=\"--awb-border-radius-top-left:0px;--awb-border-radius-top-right:0px;--awb-border-radius-bottom-right:0px;--awb-border-radius-bottom-left:0px;--awb-overflow:visible;--awb-flex-wrap:wrap;\" ><div class=\"fusion-builder-row fusion-row\"><div class=\"fusion-layout-column fusion_builder_column fusion-builder-column-0 fusion_builder_column_1_1 1_1 fusion-one-full fusion-column-first fusion-column-last fusion-column-no-min-height\" style=\"--awb-bg-size:cover;--awb-margin-bottom:0px;\"><div class=\"fusion-column-wrapper fusion-flex-column-wrapper-legacy\"><div class=\"fusion-title title fusion-title-1 fusion-title-text fusion-title-size-one\" style=\"--awb-sep-color:#1e73be;\"><h1 class=\"fusion-title-heading title-heading-left\" style=\"margin:0;\">WORKSHOP<\/h1><span class=\"awb-title-spacer\"><\/span><div class=\"title-sep-container\"><div class=\"title-sep sep-single sep-solid\" style=\"border-color:#1e73be;\"><\/div><\/div><\/div><div class=\"fusion-sep-clear\"><\/div><div class=\"fusion-separator fusion-full-width-sep\" style=\"margin-left: auto;margin-right: auto;margin-top:20px;width:100%;\"><\/div><div class=\"fusion-sep-clear\"><\/div><div class=\"fusion-clearfix\"><\/div><\/div><\/div><\/div><\/div><div class=\"fusion-fullwidth fullwidth-box fusion-builder-row-2 nonhundred-percent-fullwidth non-hundred-percent-height-scrolling\" style=\"--awb-border-radius-top-left:0px;--awb-border-radius-top-right:0px;--awb-border-radius-bottom-right:0px;--awb-border-radius-bottom-left:0px;--awb-flex-wrap:wrap;\" ><div class=\"fusion-builder-row fusion-row\"><div class=\"fusion-layout-column fusion_builder_column fusion-builder-column-1 fusion_builder_column_1_1 1_1 fusion-one-full fusion-column-first fusion-column-last\" style=\"--awb-bg-size:cover;\"><div class=\"fusion-column-wrapper fusion-column-has-shadow fusion-flex-column-wrapper-legacy\"><div class=\"fusion-text fusion-text-1\"><h2 style=\"text-align: center;\"><strong>Smart technologies for sustainable agriculture<\/strong><\/h2>\n<\/div><div class=\"fusion-text fusion-text-2\"><p><strong>Date and time<br \/>\n<\/strong>October 14th, 2020 (2:00 PM)<\/p>\n<p><strong>Venue<br \/>\n<\/strong>Hotel Osijek, \u0160ama\u010dka 4, 31000 Osijek, Croatia<\/p>\n<p style=\"text-align: justify;\"><strong>\u00a0<\/strong><strong>Overview<br \/>\n<\/strong>Application of modern information and communication technologies in the agricultural sector can significantly increase the efficiency of agricultural land use, which will result in increased quantity and quality of agricultural yields and in reduced negative impact of climate change. The aim of the workshop is to present the latest research and technologies in the field of smart agriculture that are applied globally, to describe the current situation at the local and national levels, to detect important problems and challenges in the field and to propose adequate solutions. Furthermore, the plan and preliminary results of the scientific research project &#8220;<a href=\"https:\/\/iot-polje.fer.hr\/iot-polje\" target=\"_blank\" rel=\"noopener noreferrer\">IoT-field: An Ecosystem of Networked Devices and Services for IoT Solutions Applied in Agriculture<\/a>&#8221; will be presented.<\/p>\n<\/div><div class=\"fusion-sep-clear\"><\/div><div class=\"fusion-separator fusion-full-width-sep\" style=\"margin-left: auto;margin-right: auto;margin-top:21px;margin-bottom:21px;width:100%;\"><\/div><div class=\"fusion-sep-clear\"><\/div><div class=\"fusion-image-element in-legacy-container\" style=\"--awb-caption-title-font-family:var(--h2_typography-font-family);--awb-caption-title-font-weight:var(--h2_typography-font-weight);--awb-caption-title-font-style:var(--h2_typography-font-style);--awb-caption-title-size:var(--h2_typography-font-size);--awb-caption-title-transform:var(--h2_typography-text-transform);--awb-caption-title-line-height:var(--h2_typography-line-height);--awb-caption-title-letter-spacing:var(--h2_typography-letter-spacing);\"><span class=\" fusion-imageframe imageframe-none imageframe-1 hover-type-none\"><img decoding=\"async\" width=\"1024\" height=\"512\" title=\"ws3\" src=\"https:\/\/sst-conference.org\/wp-content\/uploads\/2020\/06\/ws3-1024x512.jpg\" alt class=\"img-responsive wp-image-1782\" srcset=\"https:\/\/sst-conference.org\/wp-content\/uploads\/2020\/06\/ws3-200x100.jpg 200w, https:\/\/sst-conference.org\/wp-content\/uploads\/2020\/06\/ws3-400x200.jpg 400w, https:\/\/sst-conference.org\/wp-content\/uploads\/2020\/06\/ws3-600x300.jpg 600w, https:\/\/sst-conference.org\/wp-content\/uploads\/2020\/06\/ws3-800x400.jpg 800w, https:\/\/sst-conference.org\/wp-content\/uploads\/2020\/06\/ws3-1200x600.jpg 1200w, https:\/\/sst-conference.org\/wp-content\/uploads\/2020\/06\/ws3.jpg 1380w\" sizes=\"(max-width: 800px) 100vw, 1200px\" \/><\/span><\/div><div class=\"fusion-sep-clear\"><\/div><div class=\"fusion-separator fusion-full-width-sep\" style=\"margin-left: auto;margin-right: auto;margin-top:21px;margin-bottom:21px;width:100%;\"><\/div><div class=\"fusion-sep-clear\"><\/div><div class=\"fusion-clearfix\"><\/div><\/div><\/div><div class=\"fusion-layout-column fusion_builder_column fusion-builder-column-2 fusion_builder_column_1_1 1_1 fusion-one-full fusion-column-first fusion-column-last\" style=\"--awb-bg-size:cover;\"><div class=\"fusion-column-wrapper fusion-column-has-shadow fusion-flex-column-wrapper-legacy\"><div class=\"fusion-text fusion-text-3\"><p><strong>Project: &#8220;IoT-field: An Ecosystem of Networked Devices and Services for IoT Solutions Applied in Agriculture&#8221; will be presented<\/strong><\/p>\n<\/div><div class=\"fusion-sep-clear\"><\/div><div class=\"fusion-separator fusion-full-width-sep\" style=\"margin-left: auto;margin-right: auto;margin-top:21px;margin-bottom:21px;width:100%;\"><\/div><div class=\"fusion-sep-clear\"><\/div><div class=\"fusion-clearfix\"><\/div><\/div><\/div><\/div><\/div><div class=\"fusion-fullwidth fullwidth-box fusion-builder-row-3 nonhundred-percent-fullwidth non-hundred-percent-height-scrolling\" style=\"--awb-border-radius-top-left:0px;--awb-border-radius-top-right:0px;--awb-border-radius-bottom-right:0px;--awb-border-radius-bottom-left:0px;--awb-flex-wrap:wrap;\" ><div class=\"fusion-builder-row fusion-row\"><div class=\"fusion-layout-column fusion_builder_column fusion-builder-column-3 fusion_builder_column_1_3 1_3 fusion-one-third fusion-column-first\" style=\"--awb-bg-size:cover;width:33.333333333333%;width:calc(33.333333333333% - ( ( 4% + 4% ) * 0.33333333333333 ) );margin-right: 4%;\"><div class=\"fusion-column-wrapper fusion-column-has-shadow fusion-flex-column-wrapper-legacy\"><div class=\"fusion-image-element in-legacy-container\" style=\"--awb-caption-title-font-family:var(--h2_typography-font-family);--awb-caption-title-font-weight:var(--h2_typography-font-weight);--awb-caption-title-font-style:var(--h2_typography-font-style);--awb-caption-title-size:var(--h2_typography-font-size);--awb-caption-title-transform:var(--h2_typography-text-transform);--awb-caption-title-line-height:var(--h2_typography-line-height);--awb-caption-title-letter-spacing:var(--h2_typography-letter-spacing);\"><span class=\" fusion-imageframe imageframe-none imageframe-2 hover-type-none\"><img decoding=\"async\" width=\"235\" height=\"120\" title=\"fer\" src=\"https:\/\/sst-conference.org\/wp-content\/uploads\/2020\/06\/fer.jpg\" alt class=\"img-responsive wp-image-1789\" srcset=\"https:\/\/sst-conference.org\/wp-content\/uploads\/2020\/06\/fer-200x102.jpg 200w, https:\/\/sst-conference.org\/wp-content\/uploads\/2020\/06\/fer.jpg 235w\" sizes=\"(max-width: 800px) 100vw, 235px\" \/><\/span><\/div><div class=\"fusion-clearfix\"><\/div><\/div><\/div><div class=\"fusion-layout-column fusion_builder_column fusion-builder-column-4 fusion_builder_column_1_3 1_3 fusion-one-third\" style=\"--awb-bg-size:cover;width:33.333333333333%;width:calc(33.333333333333% - ( ( 4% + 4% ) * 0.33333333333333 ) );margin-right: 4%;\"><div class=\"fusion-column-wrapper fusion-column-has-shadow fusion-flex-column-wrapper-legacy\"><div class=\"fusion-image-element in-legacy-container\" style=\"--awb-caption-title-font-family:var(--h2_typography-font-family);--awb-caption-title-font-weight:var(--h2_typography-font-weight);--awb-caption-title-font-style:var(--h2_typography-font-style);--awb-caption-title-size:var(--h2_typography-font-size);--awb-caption-title-transform:var(--h2_typography-text-transform);--awb-caption-title-line-height:var(--h2_typography-line-height);--awb-caption-title-letter-spacing:var(--h2_typography-letter-spacing);\"><span class=\" fusion-imageframe imageframe-none imageframe-3 hover-type-none\"><img decoding=\"async\" width=\"235\" height=\"120\" title=\"ferit\" src=\"https:\/\/sst-conference.org\/wp-content\/uploads\/2020\/06\/ferit.jpg\" alt class=\"img-responsive wp-image-1790\" srcset=\"https:\/\/sst-conference.org\/wp-content\/uploads\/2020\/06\/ferit-200x102.jpg 200w, https:\/\/sst-conference.org\/wp-content\/uploads\/2020\/06\/ferit.jpg 235w\" sizes=\"(max-width: 800px) 100vw, 235px\" \/><\/span><\/div><div class=\"fusion-clearfix\"><\/div><\/div><\/div><div class=\"fusion-layout-column fusion_builder_column fusion-builder-column-5 fusion_builder_column_1_3 1_3 fusion-one-third fusion-column-last\" style=\"--awb-bg-size:cover;width:33.333333333333%;width:calc(33.333333333333% - ( ( 4% + 4% ) * 0.33333333333333 ) );\"><div class=\"fusion-column-wrapper fusion-column-has-shadow fusion-flex-column-wrapper-legacy\"><div class=\"fusion-image-element in-legacy-container\" style=\"--awb-caption-title-font-family:var(--h2_typography-font-family);--awb-caption-title-font-weight:var(--h2_typography-font-weight);--awb-caption-title-font-style:var(--h2_typography-font-style);--awb-caption-title-size:var(--h2_typography-font-size);--awb-caption-title-transform:var(--h2_typography-text-transform);--awb-caption-title-line-height:var(--h2_typography-line-height);--awb-caption-title-letter-spacing:var(--h2_typography-letter-spacing);\"><span class=\" fusion-imageframe imageframe-none imageframe-4 hover-type-none\"><img decoding=\"async\" width=\"235\" height=\"120\" title=\"pio\" src=\"https:\/\/sst-conference.org\/wp-content\/uploads\/2020\/06\/pio.jpg\" alt class=\"img-responsive wp-image-1791\" srcset=\"https:\/\/sst-conference.org\/wp-content\/uploads\/2020\/06\/pio-200x102.jpg 200w, https:\/\/sst-conference.org\/wp-content\/uploads\/2020\/06\/pio.jpg 235w\" sizes=\"(max-width: 800px) 100vw, 235px\" \/><\/span><\/div><div class=\"fusion-clearfix\"><\/div><\/div><\/div><div class=\"fusion-layout-column fusion_builder_column fusion-builder-column-6 fusion_builder_column_1_1 1_1 fusion-one-full fusion-column-first fusion-column-last\" style=\"--awb-bg-size:cover;\"><div class=\"fusion-column-wrapper fusion-column-has-shadow fusion-flex-column-wrapper-legacy\"><div class=\"fusion-sep-clear\"><\/div><div class=\"fusion-separator fusion-full-width-sep\" style=\"margin-left: auto;margin-right: auto;margin-top:21px;margin-bottom:21px;width:100%;\"><\/div><div class=\"fusion-sep-clear\"><\/div><div class=\"fusion-text fusion-text-4\"><p>The project is financed from the European Regional Development Fund (ERDF) and conducted by the three following scientific research institutions from Croatia: FER Zagreb, FERIT Osijek and Agricultural Institute Osijek. The goal of the project is to increase market-oriented R&amp;D activities in the areas of Internet of Things and Plant Sciences to establish an ecosystem of networked devices and innovative services with application in agriculture. Project activities are focused on the research and development of interoperable and secure technical solutions for an ecosystem enabling the collection and advanced processing of real-time microclimate and agronomic data to improve plant production in the Republic of Croatia. The project will enable transfer of knowledge and technology to Croatian ICT companies and increase the competitiveness of family farms. Project leader is Ivana Podnar Zarko, Ph.D. from FER, and its value is 6,672,806.98 HRK.<\/p>\n<\/div><div class=\"fusion-sep-clear\"><\/div><div class=\"fusion-separator fusion-full-width-sep\" style=\"margin-left: auto;margin-right: auto;margin-top:21px;margin-bottom:21px;width:100%;\"><\/div><div class=\"fusion-sep-clear\"><\/div><div class=\"fusion-builder-row fusion-builder-row-inner fusion-row\"><div class=\"fusion-layout-column fusion_builder_column_inner fusion-builder-nested-column-0 fusion_builder_column_inner_1_3 1_3 fusion-one-third fusion-column-first\" style=\"--awb-bg-size:cover;width:33.333333333333%;width:calc(33.333333333333% - ( ( 4% ) * 0.33333333333333 ) );margin-right: 4%;\"><div class=\"fusion-column-wrapper fusion-column-has-shadow fusion-flex-column-wrapper-legacy\"><div class=\"fusion-image-element in-legacy-container\" style=\"--awb-caption-title-font-family:var(--h2_typography-font-family);--awb-caption-title-font-weight:var(--h2_typography-font-weight);--awb-caption-title-font-style:var(--h2_typography-font-style);--awb-caption-title-size:var(--h2_typography-font-size);--awb-caption-title-transform:var(--h2_typography-text-transform);--awb-caption-title-line-height:var(--h2_typography-line-height);--awb-caption-title-letter-spacing:var(--h2_typography-letter-spacing);\"><span class=\" fusion-imageframe imageframe-none imageframe-5 hover-type-none\"><a class=\"fusion-no-lightbox\" href=\"https:\/\/iot-polje.fer.hr\/iot-polje\" target=\"_blank\" aria-label=\"logotipPNG\" rel=\"noopener noreferrer\"><img decoding=\"async\" width=\"1024\" height=\"326\" src=\"https:\/\/sst-conference.org\/wp-content\/uploads\/2020\/10\/logotipPNG-1024x326.png\" alt class=\"img-responsive wp-image-1950\" srcset=\"https:\/\/sst-conference.org\/wp-content\/uploads\/2020\/10\/logotipPNG-200x64.png 200w, https:\/\/sst-conference.org\/wp-content\/uploads\/2020\/10\/logotipPNG-400x127.png 400w, https:\/\/sst-conference.org\/wp-content\/uploads\/2020\/10\/logotipPNG-600x191.png 600w, https:\/\/sst-conference.org\/wp-content\/uploads\/2020\/10\/logotipPNG-800x255.png 800w, https:\/\/sst-conference.org\/wp-content\/uploads\/2020\/10\/logotipPNG-1200x382.png 1200w, https:\/\/sst-conference.org\/wp-content\/uploads\/2020\/10\/logotipPNG.png 1917w\" sizes=\"(max-width: 800px) 100vw, 400px\" \/><\/a><\/span><\/div><div class=\"fusion-clearfix\"><\/div><\/div><\/div><div class=\"fusion-layout-column fusion_builder_column_inner fusion-builder-nested-column-1 fusion_builder_column_inner_2_3 2_3 fusion-two-third fusion-column-last\" style=\"--awb-bg-size:cover;width:66.666666666667%;width:calc(66.666666666667% - ( ( 4% ) * 0.66666666666667 ) );\"><div class=\"fusion-column-wrapper fusion-column-has-shadow fusion-flex-column-wrapper-legacy\"><div class=\"fusion-clearfix\"><\/div><\/div><\/div><\/div><div class=\"fusion-text fusion-text-5\"><h3><strong>Paper Submission and Publication<\/strong><\/h3>\n<p>Paper submission and publication process is the same as for the main SST2020 conference. All accepted papers will be published in the SST2020 Conference Proceedings.<\/p>\n<h3><strong>Workshop Chairs<br \/>\n<\/strong>prof. dr. sc. Drago \u017dagar<br \/>\nprof. dr. sc. Ivana Podnar \u017darko<\/h3>\n<h3><strong>Workshop program<\/strong><\/h3>\n<p><strong>Ivana Podnar \u017darko and Domagoj \u0160imi\u0107<\/strong><br \/>\nIoT-field: project overview and initial results<\/p>\n<p><strong>Damjan Katu\u0161i\u0107, Pavle Sko\u010dir, Mario Ku\u0161ek and Igor \u010cavrak<\/strong><br \/>\nSurvey on Low Power Wide Area Networks in IoT<\/p>\n<p><strong>Kre\u0161imir Grgi\u0107, Drago \u017dagar, Josip Balen and Jelena Vlaovi\u0107<\/strong><br \/>\nInternet of Things in Smart Agriculture \u2013 Possibilities and Challenges<\/p>\n<p><strong>Jelena Vlaovi\u0107, Josip Balen, Kre\u0161imir Grgi\u0107, Drago \u017dagar, Vlatko Gali\u0107 and Domagoj \u0160imi\u0107<\/strong><br \/>\nAn Overview of Chlorophyll Fluorescence Measurement Process, Meters and Methods<\/p>\n<h3><strong>Contact:<\/strong><\/h3>\n<p><a href=\"https:\/\/sst-conference.org\/\">https:\/\/sst-conference.org\/<\/a><\/p>\n<p><a href=\"mailto:sst2020@ferit.hr\">sst2020@ferit.hr<\/a><\/p>\n<\/div><div class=\"fusion-clearfix\"><\/div><\/div><\/div><\/div><\/div><\/p>\n","protected":false},"excerpt":{"rendered":"","protected":false},"author":1,"featured_media":0,"parent":0,"menu_order":0,"comment_status":"closed","ping_status":"closed","template":"","meta":{"footnotes":""},"_links":{"self":[{"href":"https:\/\/sst-conference.org\/index.php\/wp-json\/wp\/v2\/pages\/1780"}],"collection":[{"href":"https:\/\/sst-conference.org\/index.php\/wp-json\/wp\/v2\/pages"}],"about":[{"href":"https:\/\/sst-conference.org\/index.php\/wp-json\/wp\/v2\/types\/page"}],"author":[{"embeddable":true,"href":"https:\/\/sst-conference.org\/index.php\/wp-json\/wp\/v2\/users\/1"}],"replies":[{"embeddable":true,"href":"https:\/\/sst-conference.org\/index.php\/wp-json\/wp\/v2\/comments?post=1780"}],"version-history":[{"count":11,"href":"https:\/\/sst-conference.org\/index.php\/wp-json\/wp\/v2\/pages\/1780\/revisions"}],"predecessor-version":[{"id":1955,"href":"https:\/\/sst-conference.org\/index.php\/wp-json\/wp\/v2\/pages\/1780\/revisions\/1955"}],"wp:attachment":[{"href":"https:\/\/sst-conference.org\/index.php\/wp-json\/wp\/v2\/media?parent=1780"}],"curies":[{"name":"wp","href":"https:\/\/api.w.org\/{rel}","templated":true}]}}