{"id":687,"date":"2016-11-08T10:05:17","date_gmt":"2016-11-08T10:05:17","guid":{"rendered":"http:\/\/sst-conference.org\/?page_id=687"},"modified":"2017-10-23T09:43:35","modified_gmt":"2017-10-23T09:43:35","slug":"awards","status":"publish","type":"page","link":"https:\/\/sst-conference.org\/index.php\/awards\/","title":{"rendered":"AWARDS"},"content":{"rendered":"<div class=\"fusion-fullwidth fullwidth-box fusion-builder-row-1 hundred-percent-fullwidth non-hundred-percent-height-scrolling\" style=\"--awb-border-radius-top-left:0px;--awb-border-radius-top-right:0px;--awb-border-radius-bottom-right:0px;--awb-border-radius-bottom-left:0px;--awb-overflow:visible;--awb-flex-wrap:wrap;\" ><div class=\"fusion-builder-row fusion-row\"><div class=\"fusion-layout-column fusion_builder_column fusion-builder-column-0 fusion_builder_column_1_1 1_1 fusion-one-full fusion-column-first fusion-column-last fusion-column-no-min-height\" style=\"--awb-bg-size:cover;--awb-margin-bottom:0px;\"><div class=\"fusion-column-wrapper fusion-flex-column-wrapper-legacy\"><div class=\"fusion-title title fusion-title-1 fusion-title-text fusion-title-size-one\" style=\"--awb-sep-color:#1e73be;\"><h1 class=\"fusion-title-heading title-heading-left\" style=\"margin:0;\">AWARDS<\/h1><span class=\"awb-title-spacer\"><\/span><div class=\"title-sep-container\"><div class=\"title-sep sep-single sep-solid\" style=\"border-color:#1e73be;\"><\/div><\/div><\/div><div class=\"fusion-sep-clear\"><\/div><div class=\"fusion-separator fusion-full-width-sep\" style=\"margin-left: auto;margin-right: auto;width:100%;\"><\/div><div class=\"fusion-sep-clear\"><\/div><div class=\"fusion-text fusion-text-1\"><h1 style=\"text-align: center;\">Best Conference Paper Award<\/h1>\n<\/div><div class=\"fusion-sep-clear\"><\/div><div class=\"fusion-separator fusion-full-width-sep\" style=\"margin-left: auto;margin-right: auto;margin-bottom:20px;width:100%;\"><div class=\"fusion-separator-border sep-single sep-solid\" style=\"--awb-height:20px;--awb-amount:20px;--awb-sep-color:#1e73be;border-color:#1e73be;border-top-width:1px;\"><\/div><\/div><div class=\"fusion-sep-clear\"><\/div><div class=\"fusion-clearfix\"><\/div><\/div><\/div><div class=\"fusion-layout-column fusion_builder_column fusion-builder-column-1 fusion_builder_column_1_3 1_3 fusion-one-third fusion-column-first\" style=\"--awb-bg-size:cover;width:30.6666%; margin-right: 4%;\"><div class=\"fusion-column-wrapper fusion-flex-column-wrapper-legacy\"><div class=\"fusion-text fusion-text-2\"><p><img decoding=\"async\" class=\"wp-image-1223 size-full aligncenter\" src=\"http:\/\/sst-conference.org\/wp-content\/uploads\/2016\/11\/award1.jpg\" alt=\"\" width=\"600\" height=\"428\" srcset=\"https:\/\/sst-conference.org\/wp-content\/uploads\/2016\/11\/award1-120x86.jpg 120w, https:\/\/sst-conference.org\/wp-content\/uploads\/2016\/11\/award1-200x143.jpg 200w, https:\/\/sst-conference.org\/wp-content\/uploads\/2016\/11\/award1-300x214.jpg 300w, https:\/\/sst-conference.org\/wp-content\/uploads\/2016\/11\/award1-400x285.jpg 400w, https:\/\/sst-conference.org\/wp-content\/uploads\/2016\/11\/award1-500x357.jpg 500w, https:\/\/sst-conference.org\/wp-content\/uploads\/2016\/11\/award1.jpg 600w\" sizes=\"(max-width: 600px) 100vw, 600px\" \/><\/p>\n<\/div><div class=\"fusion-text fusion-text-3\"><h2 style=\"text-align: center;\"><strong>Computational Intelligence in<br \/>\nSmart Systems<\/strong><\/h2>\n<p style=\"text-align: center;\"><strong>Mirza \u0160ari\u0107, Jasna Hivziefendi\u0107<br \/>\n<\/strong>and<strong> Tatjana Konji\u0107<\/strong><\/p>\n<p style=\"text-align: center;\"><em>Distributed Generation Allocation Using Fuzzy Multi Criteria Decision Making Algorithm<\/em><\/p>\n<\/div><div class=\"fusion-clearfix\"><\/div><\/div><\/div><div class=\"fusion-layout-column fusion_builder_column fusion-builder-column-2 fusion_builder_column_1_3 1_3 fusion-one-third\" style=\"--awb-bg-size:cover;width:30.6666%; margin-right: 4%;\"><div class=\"fusion-column-wrapper fusion-flex-column-wrapper-legacy\"><div class=\"fusion-text fusion-text-4\"><p><img decoding=\"async\" class=\"wp-image-1224 size-full aligncenter\" src=\"http:\/\/sst-conference.org\/wp-content\/uploads\/2016\/11\/award2.jpg\" alt=\"\" width=\"600\" height=\"428\" srcset=\"https:\/\/sst-conference.org\/wp-content\/uploads\/2016\/11\/award2-120x86.jpg 120w, https:\/\/sst-conference.org\/wp-content\/uploads\/2016\/11\/award2-200x143.jpg 200w, https:\/\/sst-conference.org\/wp-content\/uploads\/2016\/11\/award2-300x214.jpg 300w, https:\/\/sst-conference.org\/wp-content\/uploads\/2016\/11\/award2-400x285.jpg 400w, https:\/\/sst-conference.org\/wp-content\/uploads\/2016\/11\/award2-500x357.jpg 500w, https:\/\/sst-conference.org\/wp-content\/uploads\/2016\/11\/award2.jpg 600w\" sizes=\"(max-width: 600px) 100vw, 600px\" \/><\/p>\n<\/div><div class=\"fusion-text fusion-text-5\"><h2 style=\"text-align: center;\"><strong>Computational Intelligence in<br \/>\nSmart Systems<\/strong><\/h2>\n<p style=\"text-align: center;\"><strong>Francesco Grimaccia, Marco Mussetta,<br \/>\nAlessandro Niccolai <\/strong>and<strong> Riccardo E. Zich<\/strong><\/p>\n<p style=\"text-align: center;\"><em>Neural Networks as Decision Making Support System for Hydroelectric Power Plant<\/em><\/p>\n<\/div><div class=\"fusion-clearfix\"><\/div><\/div><\/div><div class=\"fusion-layout-column fusion_builder_column fusion-builder-column-3 fusion_builder_column_1_3 1_3 fusion-one-third fusion-column-last\" style=\"--awb-bg-size:cover;width:30.6666%;\"><div class=\"fusion-column-wrapper fusion-flex-column-wrapper-legacy\"><div class=\"fusion-text fusion-text-6\"><p><img decoding=\"async\" class=\"wp-image-1225 size-full aligncenter\" src=\"http:\/\/sst-conference.org\/wp-content\/uploads\/2016\/11\/award3.jpg\" alt=\"\" width=\"600\" height=\"428\" srcset=\"https:\/\/sst-conference.org\/wp-content\/uploads\/2016\/11\/award3-120x86.jpg 120w, https:\/\/sst-conference.org\/wp-content\/uploads\/2016\/11\/award3-200x143.jpg 200w, https:\/\/sst-conference.org\/wp-content\/uploads\/2016\/11\/award3-300x214.jpg 300w, https:\/\/sst-conference.org\/wp-content\/uploads\/2016\/11\/award3-400x285.jpg 400w, https:\/\/sst-conference.org\/wp-content\/uploads\/2016\/11\/award3-500x357.jpg 500w, https:\/\/sst-conference.org\/wp-content\/uploads\/2016\/11\/award3.jpg 600w\" sizes=\"(max-width: 600px) 100vw, 600px\" \/><\/p>\n<\/div><div class=\"fusion-text fusion-text-7\"><h2 style=\"text-align: center;\"><strong>Smart Information<br \/>\nSystems<br \/>\n<\/strong><\/h2>\n<p style=\"text-align: center;\"><strong>Lovre Mr\u010dela, Andro Mer\u0107ep, Stjepan Begu\u0161i\u0107<br \/>\n<\/strong>and<strong> Zvonko Kostanj\u010dar<\/strong><\/p>\n<p style=\"text-align: center;\"><em>Portfolio Optimization using Preference Relation based on Statistical Arbitrage<\/em><\/p>\n<\/div><div class=\"fusion-clearfix\"><\/div><\/div><\/div><\/div><\/div>\n","protected":false},"excerpt":{"rendered":"","protected":false},"author":1,"featured_media":0,"parent":0,"menu_order":0,"comment_status":"closed","ping_status":"closed","template":"","meta":{"footnotes":""},"_links":{"self":[{"href":"https:\/\/sst-conference.org\/index.php\/wp-json\/wp\/v2\/pages\/687"}],"collection":[{"href":"https:\/\/sst-conference.org\/index.php\/wp-json\/wp\/v2\/pages"}],"about":[{"href":"https:\/\/sst-conference.org\/index.php\/wp-json\/wp\/v2\/types\/page"}],"author":[{"embeddable":true,"href":"https:\/\/sst-conference.org\/index.php\/wp-json\/wp\/v2\/users\/1"}],"replies":[{"embeddable":true,"href":"https:\/\/sst-conference.org\/index.php\/wp-json\/wp\/v2\/comments?post=687"}],"version-history":[{"count":12,"href":"https:\/\/sst-conference.org\/index.php\/wp-json\/wp\/v2\/pages\/687\/revisions"}],"predecessor-version":[{"id":1226,"href":"https:\/\/sst-conference.org\/index.php\/wp-json\/wp\/v2\/pages\/687\/revisions\/1226"}],"wp:attachment":[{"href":"https:\/\/sst-conference.org\/index.php\/wp-json\/wp\/v2\/media?parent=687"}],"curies":[{"name":"wp","href":"https:\/\/api.w.org\/{rel}","templated":true}]}}